 745592387 prime?
True
Is 572611642 prime?
False
Is 699869537 prime?
True
Is 5332681855 a composite number?
True
Is 2072367443 a prime number?
False
Is 1858518853 composite?
True
Is 7854030707 composite?
False
Is 349222897 a composite number?
True
Is 51801293543 a composite number?
False
Is 242329837 composite?
False
Is 9255851173 prime?
True
Is 57459876491 a composite number?
False
Is 628981757249 composite?
True
Is 4204133459 a prime number?
True
Is 1118958767 composite?
False
Is 97410872809 prime?
True
Is 10250875389 a prime number?
False
Is 1374144691 a composite number?
True
Is 2089660559 a prime number?
False
Is 468591563 a composite number?
True
Is 7144715551 a composite number?
True
Is 198430997 composite?
True
Is 11445733007 prime?
True
Is 22046469421 composite?
False
Is 16682256938 composite?
True
Is 368521331 a composite number?
True
Is 9197845763 a prime number?
False
Is 2429954851 a prime number?
False
Is 6672499787 prime?
True
Is 9317176529 a prime number?
True
Is 9795965093 a composite number?
True
Is 540665837 prime?
True
Is 14262931289 a prime number?
True
Is 1933001209 composite?
False
Is 1711181 composite?
False
Is 19868224867 a composite number?
False
Is 539562427 prime?
False
Is 175105633319 a prime number?
True
Is 220760226319 a prime number?
True
Is 2191549703 composite?
True
Is 6443792111 a composite number?
False
Is 1333682299 a composite number?
False
Is 74560240343 a prime number?
True
Is 943108018 composite?
True
Is 72569955757 a composite number?
True
Is 3590048419 a prime number?
False
Is 1218651661 prime?
True
Is 2066461973 a prime number?
False
Is 4432647151 a composite number?
False
Is 42929069 composite?
False
Is 930084583 prime?
True
Is 177597361 composite?
False
Is 1858009579 composite?
True
Is 26804341 composite?
False
Is 10834643 composite?
False
Is 1127525183 prime?
True
Is 3673698547 composite?
True
Is 4047078349 a composite number?
False
Is 2480792569 a prime number?
False
Is 23913308873 a composite number?
True
Is 236124655691 a composite number?
True
Is 12062818879 prime?
True
Is 899076649 a prime number?
False
Is 11890768013 a composite number?
False
Is 61878362071 composite?
True
Is 35006747 composite?
False
Is 300075389 a composite number?
False
Is 631412053 prime?
False
Is 415482679 composite?
True
Is 351777579 a prime number?
False
Is 744650617 a composite number?
True
Is 1668459809 a prime number?
True
Is 15505561237 a composite number?
False
Is 74517637 a prime number?
True
Is 674077906 a prime number?
False
Is 928559903 a composite number?
True
Is 23846510719 a composite number?
True
Is 615070549 a composite number?
False
Is 4342388311 composite?
True
Is 3743223587 a composite number?
True
Is 9096301769 composite?
False
Is 136675504279 a prime number?
True
Is 6310944977 a prime number?
True
Is 13210278607 prime?
True
Is 3367850293 a composite number?
False
Is 13071122741 a prime number?
False
Is 160044906499 composite?
False
Is 2395380761 a prime number?
False
Is 8858369621 a prime number?
True
Is 4046436259 a prime number?
False
Is 1404866149 a composite number?
False
Is 3362592587 a prime number?
True
Is 5080378453 composite?
True
Is 16037446879 a prime number?
False
Is 1226977879 a prime number?
True
Is 3186892073 prime?
True
Is 1459162973 prime?
True
Is 736545407 composite?
True
Is 2984921139 prime?
False
Is 128893367 prime?
False
Is 458530993 a composite number?
True
Is 83995956167 composite?
True
Is 50886023 prime?
True
Is 301683721 a prime number?
True
Is 2204657731 prime?
True
Is 8101280867 a prime number?
True
Is 44214673 a prime number?
False
Is 65978291 a prime number?
False
Is 256537186981 prime?
True
Is 587090611 composite?
False
Is 5204711999 a composite number?
False
Is 68671258671 a prime number?
False
Is 24987532447 a composite number?
False
Is 2388749219 composite?
False
Is 120938037943 a composite number?
False
Is 19944659431 prime?
False
Is 26397411449 a prime number?
True
Is 35472566413 a composite number?
True
Is 2261259983 a composite number?
True
Is 2243242541 a prime number?
False
Is 28610337811 prime?
False
Is 2870608877 prime?
False
Is 6144267223 a prime number?
True
Is 36643053317 prime?
False
Is 482102857 composite?
False
Is 912204301 composite?
False
Is 57287912767 a prime number?
False
Is 3934919647 prime?
True
Is 19782328541 a prime number?
True
Is 13608146707 a prime number?
False
Is 25773681701 a prime number?
True
Is 168562453 prime?
True
Is 1145305303 composite?
True
Is 4437440797 a composite number?
True
Is 15631471081 a composite number?
False
Is 9478740079 a prime number?
False
Is 3323042245 a composite number?
True
Is 18096962957 a composite number?
True
Is 796652027 a composite number?
False
Is 41008409917 a prime number?
True
Is 3151463015 a composite number?
True
Is 30750708151 a composite number?
True
Is 3877148003 composite?
True
Is 60805839511 composite?
False
Is 240998935 a prime number?
False
Is 1782259799 composite?
True
Is 13328511143 a composite number?
False
Is 491856877 prime?
True
Is 13380663755 composite?
True
Is 315705559219 prime?
True
Is 16143704263 composite?
True
Is 35501909 a prime number?
True
Is 6177564011 prime?
True
Is 417003043 a prime number?
False
Is 7824600517 prime?
True
Is 5716788559 a prime number?
True
Is 14370320791 a composite number?
True
Is 125597378 a composite number?
True
Is 121608857 composite?
False
Is 815950703 a composite number?
False
Is 1357770347 composite?
True
Is 8140713733 a composite number?
True
Is 244515563 prime?
False
Is 1728278819 a prime number?
False
Is 257352163 a prime number?
False
Is 25381013689 a composite number?
False
Is 1991317723 a prime number?
False
Is 48445343215 composite?
True
Is 43295027213 prime?
True
Is 294673078171 a prime number?
False
Is 23914412849 a composite number?
True
Is 3323097779 a prime number?
True
Is 6723849109 composite?
True
Is 5006226557 composite?
False
Is 3731738819 a composite number?
False
Is 196789293931 a prime number?
True
Is 8485723718 prime?
False
Is 14620324841 a prime number?
False
Is 12325686353 composite?
False
Is 8379622843 composite?
True
Is 31210584557 a prime number?
False
Is 114854081743 a composite number?
False
Is 93217397047 a composite number?
False
Is 1081855319 a prime number?
False
Is 101724088751 prime?
False
Is 15415254529 composite?
True
Is 3179097283 composite?
True
Is 37563424531 a prime number?
True
Is 885419131 a composite number?
False
Is 74350400539 a composite number?
False
Is 4465047401 a composite number?
True
Is 2162727167 a prime number?
True
Is 1384895081 composite?
True
Is 44399749 a composite number?
False
Is 60118401787 a composite number?
True
Is 25526371189 a composite number?
True
Is 2013856249 prime?
False
Is 13835081509 composite?
True
Is 17074443049 a composite number?
False
Is 1956397931 a prime number?
True
Is 28237909569 composite?
True
Is 6076866793 a composite number?
False
Is 1286763787 prime?
False
Is 616321681 prime?
True
Is 2505478669 prime?
False
Is 10637956111 a prime number?
True
Is 12984405281 a prime number?
False
Is 2389388917 prime?
True
Is 128960844241 a composite number?
False
Is 11665981807 prime?
False
Is 1821230611 composite?
True
Is 3244581367 a prime number?
False
Is 3423358747 a prime number?
True
Is 5961331693 prime?
False
Is 21624611821 a composite number?
True
Is 61998841 prime?
True
Is 1425932867 composite?
True
Is 3894949621 prime?
True
Is 71604061469 prime?
True
Is 7188609223 composite?
False
Is 445060657 a composite number?
False
Is 2258639303 prime?
True
Is 29660220407 composite?
False
Is 123381281 a prime number?
True
Is 4776714317 composite?
True
Is 1995187 a composite number?
False
Is 476131759 composite?
True
Is 43746539 a prime number?
False
Is 34614911 a prime number?
True
Is 13333854857 composite?
True
Is 22194454138 composite?
True
Is 9647523649 a composite number?
False
Is 959515351 a composite number?
False
Is 176038847 a composite number?
True
Is 1862898767 a composite number?
False
Is 3407560427 a prime number?
False
Is 33923328071 prime?
True
Is 5770604837 a prime number?
False
Is 15775033189 prime?
True
Is 180356843 a prime number?
True
Is 88565520529 a composite number?
True
Is 12045747347 a prime number?
True
Is 31224948199 prime?
False
Is 84915614203 composite?
T